Suppose -d = m - 4. What is the units digit of d?
3
Let z(q) = -q**2 - 6*q + 2. Let d be z(-6). Suppose 0*w = -d*w + 10. What is the units digit of w?
5
Let z(m) = -m + 15. What is the tens digit of z(0)?
1
Suppose -3*j - 15 = 0, -4*a + 3*j = -302 - 801. What is the units digit of a?
2
Suppose -24 = -c - 4. Let m = 2 + c. Suppose 0 = -4*w + m - 6. What is the units digit of w?
4
Let r = 4 - 3. Suppose a + 0*a = r. What is the units digit of a?
1
Let m = -2 - 0. Let y = 6 - 5. What is the units digit of (1*m - -5)/y?
3
Let y be (12 - -3)*(-2)/(-6). Let w = y + 1. Let o = w - 3. What is the units digit of o?
3
Let w be (1 - 11) + (-4)/(-2). Let r = w - -15. What is the units digit of r?
7
Let a(y) = y**3 + 7*y**2 + 4*y - 5. What is the units digit of a(-6)?
7
Let x = -5 + 7. What is the tens digit of x - (-5)/(10/18)?
1
What is the units digit of -3 - (-536)/(-6)*(1 + -4)?
5
Suppose 0*h + 4*h + 3*i = 13, -17 = -4*h + i. Suppose h*u - 3*l = 12 - 1, 3*l = u + 4. Suppose 4 = u*p - 1. What is the units digit of p?
1
What is the units digit of 0 + ((-30)/(-9))/((-3)/(-72))?
0
Suppose -4*f + 0*f - 5*k + 305 = 0, 2*f + 2*k - 150 = 0. Let u = -47 + f. Suppose 12 = 5*j - u. What is the units digit of j?
7
What is the tens digit of 40/(-140) + (-578)/(-14)?
4
What is the units digit of (174/(-4))/((-24)/32)?
8
Let m(f) = 2*f**2 - 12*f + 4. Let k be m(6). Suppose 2*s + 14 = 3*g + 3, s - 11 = -k*g. What is the units digit of g?
3
Suppose 3*g - 5*b - 166 = 0, -5*b + b + 27 = g. What is the units digit of g?
7
Suppose 4*h - 8*h = -20. Suppose 4*o = -4*b, -b = h*o + b - 6. Suppose 2 = -2*f + 5*k, -5*f + 3*k = o*k - 18. What is the units digit of f?
4
Let f(v) = 7*v + 6. Let q be f(-5). Let l = -1 - q. What is the tens digit of l?
2
Suppose -r = 2*m + 4 - 14, 0 = 5*r + 10. Let f(g) be the third derivative of g**4/8 - 4*g**3/3 - 3*g**2. What is the units digit of f(m)?
0
Let w be 24/14 - (-8)/28. Suppose -w*d = 3*m - 0*m - 6, -5*d - 8 = -4*m. Suppose -2*a + 24 = -d*a. What is the units digit of a?
2
Suppose -3*c - c = -3*u + 119, -4*c = -u + 45. What is the tens digit of u?
3
Let t = -56 - -89. What is the tens digit of t?
3
What is the tens digit of (-1 - (-624)/21) + 4/14?
2
Let y be 44/6 - (-1)/(-3). Suppose -t - y = -20. Let i = -1 + t. What is the units digit of i?
2
Let c(j) = 4*j**2 + j. Let w be c(1). Suppose 70 + 10 = w*q. What is the tens digit of q?
1
Let v(c) be the third derivative of c**4/3 + c**3/3 + c**2. Let d be v(3). Let n = d + -17. What is the units digit of n?
9
Suppose -3*l - 27 = -231. What is the tens digit of l?
6
Let d(y) = 2*y + 28. What is the units digit of d(11)?
0
Let n(d) = d - 7. Let u be (36/10)/(14/35). Let f be n(u). What is the units digit of (-15)/(-6) - 1/f?
2
Suppose -4*v + 2*a = 8, 5*v - a - a + 12 = 0. Suppose 12 = -3*d - 2*i, -i - 4 - 4 = 2*d. What is the units digit of v/d + (2 - -5)?
8
Suppose 3*i - 4 = 7*i. Let w be i*(1 + -1 - -1). Let b = w - -10. What is the units digit of b?
9
Let n be (-9)/(-11) - (-2)/11. Let u = n + 0. What is the units digit of u?
1
Suppose -8 - 5 = -i. Let h = 23 - i. What is the units digit of h?
0
Let y = 104 + -22. Suppose 0 = 3*j - y + 10. Let b = j - 10. What is the tens digit of b?
1
Suppose -39 = 4*f - 119. Let y = f + 5. What is the tens digit of y?
2
Let l(t) be the second derivative of t**3/6 + t**2/2 - t. Let f be l(-1). Suppose -5*v - p + 3 = -2, f = -4*p - 20. What is the units digit of v?
2
Let r(t) = -t**2 - 3*t. Let l be r(-2). Suppose 0*x + l = x. What is the units digit of x?
2
Suppose -3*d + 40 = d. Let l = 11 + d. What is the units digit of l?
1
Let t(q) = -5*q**3 + 7*q**2 - 9*q + 2. Let y(j) = j**3 + j. Suppose 2*m - 20 = -3*m. Let x(o) = m*y(o) + t(o). What is the units digit of x(6)?
8
Let h(u) = 100*u + 5. What is the units digit of h(1)?
5
Let j be (-1)/3*0 + 3. Let r be 3/2*(-4)/j. What is the units digit of r/2 - (2 + -4)?
1
Let s(u) = 4*u**2 + 0*u + 3*u**3 - 4*u**3 - 4*u + 2*u. Suppose -4*r - 8 = -20. What is the units digit of s(r)?
3
Let d(q) = q**2 + 4*q + 3. Let t be d(-3). Suppose t = -f - 3*f + o + 218, 3*f - 166 = 2*o. What is the tens digit of f?
5
What is the hundreds digit of (-4)/(-10) + (-1 - 3412/(-20))?
1
What is the units digit of (327/15)/(6/30)?
9
Suppose -o = 2*q + q - 7, 3*o = -2*q. Suppose q*m + 1 = i - 1, -m - 9 = -2*i. What is the units digit of i?
5
Suppose 8 = -2*y - 2. Let z = 11 + y. Suppose -m - 3*j = -z - 10, 0 = 3*j - 15. What is the units digit of m?
1
Let a(k) = -17*k + 13. What is the units digit of a(-6)?
5
Suppose 3*x + 4*l = -11, 6*l = -2*x + l - 12. Let t = x + 2. Let v(z) = 4*z. What is the units digit of v(t)?
4
Suppose -4*d = -d - 96. What is the units digit of d?
2
Suppose 5*r - 5*x - 573 = 172, 4*r - 592 = 3*x. What is the units digit of r?
5
Let p(t) = t**3 + 6*t**2 - 8*t - 6. What is the tens digit of p(-6)?
4
Let p = -18 + 64. What is the units digit of p?
6
Let k be (2/2)/((-1)/(-3)). Let a = 0 + k. Suppose a*l - 6 = -0*l. What is the units digit of l?
2
Let n be 27 - -3*4/6. Let w = 65 - n. What is the tens digit of w?
3
Let a be (-4 + 4)*2/2. Suppose 0 = -3*r - 3*n + 54, a*n - 2*n + 102 = 5*r. What is the tens digit of r?
2
Suppose -192 - 68 = -4*j. What is the units digit of j?
5
Let r be -3 + (-3 - -5) + -19. What is the tens digit of (8/r)/((-1)/25)?
1
Let v(u) = u**3 + 10*u**2 - 2. Let k be v(-10). Let d be (-2 - k/2) + 23. Suppose r - d = -r. What is the tens digit of r?
1
Let t(q) = 69*q**3 - q**2 - q + 2. Let y be t(1). What is the units digit of y/5 + (-28)/35?
3
Let n be (0 - -3) + (-9)/9. Suppose n*t = -t - 5*h + 93, 3*t = 2*h + 93. What is the tens digit of t?
3
Suppose -3*m = 4*k - 1114, -2*k + 250 + 124 = m. What is the hundreds digit of m?
3
Let j(n) = n**2 - 2*n - 3. What is the units digit of j(4)?
5
Suppose 130 - 40 = 3*h. Let c = h - 17. Suppose -2*m + 25 = 4*a - 1, c = 5*m - 3*a. What is the units digit of m?
5
Let l(k) = -k - 2*k - k - k. Suppose -n - 2*s - 5 = -0*s, -2*n - 3*s = 8. What is the units digit of l(n)?
5
Let n(b) = -b**2 - 5*b + 8. Let s be n(-6). Suppose s*v + 1 = 7. What is the units digit of v + (-1 - 0) - -7?
9
Let j be (1*-2)/((-4)/(-14)). What is the units digit of -2 - (-5 - -1) - j?
9
Let f(g) = g**3 + 7*g**2 - 6*g - 3. Let m = -12 - -5. What is the tens digit of f(m)?
3
Let p(o) = 8*o**2 - 11*o - 2. Let s(l) = 7*l**2 - 10*l - 2. Let i(g) = 6*p(g) - 7*s(g). Let r be i(4). Let y = 6 + r. What is the units digit of y?
8
Let h(k) = -k**2 + 15*k + 2. Let m(n) = n**2 - 16*n - 3. Let p(l) = -6*h(l) - 5*m(l). Let q be p(10). Suppose -6 = -i + q. What is the units digit of i?
9
Let r = 8 - -10. What is the units digit of (r/(-15))/((-4)/10)?
3
Suppose i - 5*a + 23 = 0, -9 = 3*i - 3*a - 0*a. What is the tens digit of 30*((-7)/(-3) - i)?
1
Suppose 219 = -5*c + 54. Let v = -4 - c. What is the tens digit of v?
2
Suppose 0 = -2*v + 6, 3*a - 5*v - 1 + 4 = 0. What is the units digit of (6 - -2)*5/a?
0
What is the units digit of (-1037)/(-85) + (-1 - (-4)/5)?
2
What is the units digit of (-6)/(-4)*(-224)/(-48)?
7
Suppose 12*g - 257 = 271. What is the units digit of g?
4
Let w(g) = g**2 - 5*g - 5. Let m be w(-6). Suppose 11 - m = -5*j. Let l = j - -3. What is the units digit of l?
3
Let m = -114 + 191. What is the units digit of m?
7
Suppose -2*w = -0*w - 44. What is the tens digit of w?
2
Suppose 0 = m - 4 - 0. Suppose 7 = -2*w + 5*b, -m = 4*w - b - 17. What is the units digit of w?
4
Let l = 308 + -29. What is the tens digit of l?
7
Let t = -35 + 71. Let z = t - 22. What is the units digit of (-6)/4*z/(-3)?
7
Suppose -5*j + g + 1 = 0, 0 = -j + 4*g - 2 + 6. Suppose v + j*v = -6. What is the units digit of 4/(1*(-4)/v)?
6
Suppose -2*g - 3*g + 177 = 4*z, 2*g + 5*z = 64. What is the units digit of g?
7
Suppose 6*v - 197 + 35 = 0. What is the tens digit of v?
2
Suppose 0 = 4*m + 3*c - 885 + 66, -5*c = 4*m - 821. What is the tens digit of m?
0
Let v = 0 - -2. Suppose v*y = 4*i + 16, -2*y - 16 = 2*i - 2. What is the units digit of (y/4)/((-2)/64)?
6
Let t be 394/10 - (-4)/(-10). Let p = t + -23. What is the units digit of p?
6
Suppose -6*y + 12 = -2*y. Suppose 0 = -y*s - 5 + 8. Suppose 2*w - 3 = -s. What is the units digit of w?
1
Let v = 3 + 1. Suppose v*w + 0*w = 60. What is the tens digit o